l = 2*b + 5 + 8, -4*b + 29 = -l. What is h(b)?
-6
Suppose 0 = 2*c - 4*c - 14. Let s(m) = 7*m**2 + 23*m**2 - 7*m - 31*m**2 - 6. Calculate s(c).
-6
Suppose -3*h - o + 11 + 6 = 0, 5*h = -3*o + 35. Suppose -h*a - 4 - 28 = 0. Let c(k) = k + 11. Give c(a).
3
Let y(n) = -n**3 - n**2 - n - 1. Let d(k) = -4*k**3 - k**2 - 2*k - 6. Let t(p) = -d(p) + 3*y(p). Determine t(3).
9
Suppose f - 9 = -3*i, 4*f + i + 10 = 8*f. Let z be (-8)/6*(-3)/2. Suppose -z = -a + f. Let b(u) = -u + 5. Calculate b(a).
0
Let a be -1 + 2 + 4 + -1. Let v be 15/20 - (-1)/a. Suppose 2*d - d = -v. Let m(g) = -14*g**3 - 2*g**2 - g. Determine m(d).
13
Suppose -2*u - 1 = 1. Let o(l) = -2*l - 10. Let r be o(-5). Let p(c) = 1 - c - 2*c + 0 + r. What is p(u)?
4
Let s(q) = -q**2 - 4*q + 5. Suppose 7*r + 32 = -r. Determine s(r).
5
Let z(g) = 2*g - g - 8 + 16*g - 22*g. What is z(-6)?
22
Let i(d) be the first derivative of -d**4/4 - 3*d**3 + 11*d**2/2 + 10*d + 95. Give i(-10).
0
Let v(y) = -36*y**2 + 3*y - 410*y**3 + 412*y**3 - 1 + 37*y**2. Calculate v(-3).
-55
Let d(g) = -g**2 - 4. Suppose 33*y = 28*y + 10. Suppose 4*t = 5*n + 21, 7 = y*t + 2*n + 1. What is d(t)?
-20
Let a(c) be the second derivative of c**4/12 + c**2 - 2*c + 15. Let s = 7 + -7. Determine a(s).
2
Suppose 47*j - 51*j = -76. Let s(n) = -n + 0 + j - 8. What is s(10)?
1
Let x = -4 - -2. Let s be ((-20)/30)/((-3)/(342/4)). Let q(h) = -s - 5*h + 0*h - 20 + 36. Calculate q(x).
7
Let w(y) be the third derivative of y**6/120 + y**5/10 - y**4/3 - y**3/6 + 83*y**2. Suppose -5*k - 30 = u - 0, 0 = -2*k + u - 19. Determine w(k).
6
Let n(w) = 3*w**3 + 4*w**2 + w - 2. Let j = -39 - -63. Suppose 8 - j = -4*q. Suppose 2*x - 14 = 3*m, -4 = -4*m - q*x + 4. Calculate n(m).
-12
Let y(u) = -2 + 4*u**2 - 4 - 2 + u**3 + 3 + u + 3. Give y(-3).
4
Let n(a) = -a**2 + 11*a + 2*a + 9 - 14*a. Give n(0).
9
Let n(r) = r + 2. Let f = 0 - -5. Suppose -2*q + 9 = f. Let i be q*((-50)/4)/5. Determine n(i).
-3
Let n be (14 + -19)/(2/8*2). Let r = -14 - -6. Let x = r - n. Let t(a) = -a + 2. Give t(x).
0
Let z(g) = -g**2 - 7*g - 4. Let n be z(-5). Let t(w) = -w**3 + 0*w - 10 + 0*w**2 - 6*w**2 + n*w. Suppose 0 = 5*m - r + 36, 3*m + 2*r + 6 + 13 = 0. Give t(m).
-3
Suppose -18*c + 12 = -12*c. Let f(r) = r**2 + 2 + 3*r**2 + c - 3*r**2 - 6*r. Give f(6).
4
Let o(k) be the first derivative of -k**5/20 + 2*k**4/3 - k**3/2 - 5*k**2/2 + 11*k + 21. Let g(c) be the first derivative of o(c). Give g(7).
23
Suppose -6*i + 0 - 6 = 0. Let l(n) = 12*n**3 - 3*n**2 - n + 1. Calculate l(i).
-13
Let k be (1/(-2) + 0)/(23/322). Let q(j) = -j**3 - 7*j**2 + j + 4. What is q(k)?
-3
Let i(x) = -2*x**3 - 25*x**2 + 13*x - 7. Let j(k) = -k**2 + 86*k - 493. Let b be j(6). Give i(b).
-7
Let f(x) = x**2 - 9*x + 11. Suppose -l - 3*k - 33 + 54 = 0, -3*k - 24 = -4*l. What is f(l)?
11
Let b(s) = -7*s - 11. Let c(w) = -4*w + 27 - 14 - 18. Let a(z) = -3*b(z) + 5*c(z). Give a(-6).
2
Let d be 13*4*6/312 - -4. Let u(r) be the third derivative of 3*r**2 + 0 - 1/2*r**3 + 0*r + 1/4*r**4 + 1/60*r**d. Give u(-7).
4
Let x(l) = l**3 - 195*l + l**2 + 192*l - 2 - 2*l**3. Determine x(-2).
16
Let m = 808 - 771. Let y be (-1)/(-5)*4*40. Let t = y - m. Let w(d) = d**2 + 3*d - 6. Determine w(t).
4
Let w = -25 - -29. Suppose w + 1 = -5*s. Let a(x) = -x**3 + x**2 + 2*x + 1. Give a(s).
1
Let j(z) = z + 1 - 2*z - 6. Let g(s) be the second derivative of s**4/12 - 5*s**3/6 + s**2/2 - 9*s. Let i be g(4). What is j(i)?
-2
Let d = -384 + 386. Let y(h) = h**3 + 2*h**2 - 2. Give y(d).
14
Let g(j) = -j**3 - 17*j**2 - 15*j + 18. Let t = -246 + 230. Determine g(t).
2
Suppose -s = s + 40. Let z = s - -15. Let l(a) = 3*a - 2. What is l(z)?
-17
Suppose -3*g - 53 = 4*z, -142*z + 145*z = 4*g - 46. Let l(t) = t + 14. Determine l(z).
0
Let c = -9233/12 - -770. Let u(t) be the second derivative of -t**3 - 1/20*t**5 - 3*t**2 + 3*t + 0 - c*t**4. Determine u(-6).
-6
Let u(y) = y**2 - 2*y - 2. Suppose -4*s + 5*k = -47 + 19, -5*k - 26 = -3*s. Suppose -s*p = 4*p - 1020. Let q be (-2)/(-9) - p/(-45). Determine u(q).
6
Suppose -8 = -6*r + 4. Let c(u) = 3*u - 17 - 5*u**r + 9 + 4*u + 4*u**2. What is c(7)?
-8
Let u(q) = 1 + 131*q**2 + 117*q**2 - 250*q**2. Let f(l) = l**2 - 3*l - 2. Let g be f(3). Calculate u(g).
-7
Let l(b) = b**3 - 5*b**2 + 2*b - 7. Let d be (-30)/8 - (-7)/(-28). Let q be d*(3 - 7/2). Suppose q*t = 0, 5*t - 3 = 3*p - 18. Determine l(p).
3
Suppose -2*v - 5*x - 32 - 1 = 0, 15 = -3*x. Let d(p) = -p**2 - 4*p - 4. Let r be d(v). Let n(f) be the second derivative of -f**3/6 + f**2/2 + f. What is n(r)?
5
Let x(i) = -8*i**2 - 2*i - 1. Suppose 4*n - 52 = 4*f, 4*n - 2*f = n + 35. Suppose -n*l + 8*l = 1. Give x(l).
-7
Let h(a) = a**3 + 2*a**2 - 3*a - 2. Let m = -5 + 8. Suppose -13 + 7 = y. Let o = y + m. Give h(o).
-2
Let m = 19 + -10. Suppose -4*x + 15 = -m*x. Let b(y) = 7*y + 4. Let n(v) = -3*v - 2. Let g(r) = -2*b(r) - 5*n(r). Determine g(x).
-1
Let v(j) = 7*j**2 - 3*j + 4. Let h(x) = 5*x**2 - 3*x + 5. Let o(l) = -4*h(l) + 3*v(l). Let n(z) = -z**3 + 13*z**2 - 2*z + 20. Let d be n(13). Determine o(d).
10
Let x(n) = -n**2 + 5*n + 1. Let d(o) = -8*o**2 + 4*o + 4. Let w be d(-4). Let h be (-4)/6 - w/30. Determine x(h).
5
Let i(l) be the second derivative of l**4/12 + 2*l**3 + 15*l**2/2 + 5*l - 2. What is i(-11)?
4
Let s = -999 + 1001. Let z(b) be the third derivative of 7*b**s + 1/6*b**3 + 0*b + 1/24*b**4 + 0 - 1/30*b**6 - 1/60*b**5. What is z(-1)?
3
Let x be 9 + -1 - (15 + -16). Let l = 12 - x. Let b(t) = 2*t**2 - 3*t + 3. What is b(l)?
12
Let o(y) be the third derivative of 0 + 1/6*y**3 + 12*y**2 - 1/8*y**4 + 0*y. Calculate o(-2).
7
Let t = -15 - -17. Suppose -t*q + 3*q = 8. Let j(m) = -q*m - 4*m - 6*m + 5*m. Determine j(-1).
13
Suppose 0*h + 3*h - 9 = 0. Let z(a) = 4*a + 2*a**h + 4 - a**2 - 3 - 6*a - a**2. Let q = 103 + -101. What is z(q)?
5
Let b = 182 - 180. Let q(c) = -c**2 - 2*c + 2. Calculate q(b).
-6
Let o(m) be the first derivative of m**3/3 + 2*m**2 - 6*m - 33. Suppose -4*n - 25 = n. Let y be o(n). Let v(k) = 5*k + 1. Determine v(y).
-4
Let l(i) be the first derivative of i**2/2 - 2*i - 2. Suppose -2*p - 4*k = -18, -4*k = -p - 0*k - 3. What is l(p)?
3
Suppose -2*h + 3*h = 11. Let p(j) = j**2 - 10*j - 13. Let q be p(h). Let w(d) be the first derivative of d**3 - d**2 - 3*d - 1. Calculate w(q).
13
Let l(m) = m**2 - 5*m + 4. Suppose 13*d - 19*d + 42 = 0. Calculate l(d).
18
Let v(z) be the third derivative of -z**6/120 - 3*z**5/20 - 11*z**4/24 - 3*z**3/2 + 56*z**2. Give v(-7).
-30
Let p(j) = j**2 - 4*j + 3. Suppose -12 = -62*q + 60*q. Give p(q).
15
Let b(u) = 15*u. Suppose -30*o - 2*a - 2 = -26*o, 0 = -5*a + 5. Give b(o).
-15
Let s(h) = h**2 + 4*h - 1. Let d(c) = -c**3 + c - 4. Suppose 0 = 2*p + 3*p. Let r be d(p). Calculate s(r).
-1
Let m = 82 - 44. Let u = 41 - m. Let l(h) = -h**3 + 2*h + 1. Give l(u).
-20
Let j(l) = 21*l - 45. Let t(u) = -3*u + 7. Let b(a) = -4*j(a) - 30*t(a). Calculate b(9).
24
Let l(h) = 3*h - 4. Let j = -495 - -498. Determine l(j).
5
Let p(b) = -3 + 18 + 0*b**3 + 13*b**2 - b**3 - 13*b - 9. Let w be p(12). Let r(j) = -j - 1. Let y(n) = -n + 3. Let z(i) = 2*r(i) - y(i). Calculate z(w).
1
Let b(w) = -w**2 - 16*w + 12. Let x = 752 + -769. Calculate b(x).
-5
Let m(r) = 7*r - 4. Let d(h) = -3*h + 1. Let f(t) = -5*d(t) - 2*m(t). Let n be (2/(-4))/((-2)/(-40)). Let b be -1*8*(-5)/n. What is f(b)?
-1
Let i = 1 + -42. Let b be (-9)/45 - i/5. Let s(j) = j - 19. Calculate s(b).
-11
Let v(t) = -3*t**3 - 2*t**2 + 3. Let a(h) = 16*h**3 + 11*h**2 - 16. Let b(f) = -2*a(f) - 11*v(f). Let s = -119 + 117. Determine b(s).
-9
Let n(s) be the second derivative of s**5/20 - 7*s**4/12 + s**3 + 2*s**2 + s. Suppose 34 = 2*u - 12. Let y = 29 - u. What is n(y)?
4
Let m be 4/14 - (-4)/(-14). Suppose m*w - 4*w - 16 = 0. Let s(c) = 2643*c**2 + c - 5 - 5281*c**2 + 2639*c**2. Give s(w).
7
Suppose w = 3*w - 10. Let m(y) = -2 - 6 + w + y. Let g(v) = 3*v**2 - 5*v - 6. Let c be g(3). What is m(c)?
3
Let n(x) be the third derivative of -1/20*x**5 + 0*x - x**2 + 1/6*x**3 + 0 - 1/120*x**6 + 5/24*x**4. Let w be 2/8 - (-34)/(-8). What is n(w)?
-3
Let x be 30/(-50) + (-54)/(-15). Let r(n) = n**2 + n**2 + n - n**2 - x*n**2 - 2*n**3. What is r(1)?
-3
Let z be -2*(-1)/5 - 90/(-25). Suppose 49 = -3*l - z*l. Let m(u) be the first derivative of u**4/4 + 2*u**3 -